False
Let u = 8314 - 3531. Is u a prime number?
True
Let v = -1159 - -2982. Is v a prime number?
True
Let t(d) = d**3 - 9*d**2 + 9*d + 7. Let y be (-2*3)/(-3)*4. Let i be t(y). Is (1 + 6)*i/15 a prime number?
True
Suppose 0 = 2*k, -6*s + s + 2*k + 5 = 0. Is s/((-4)/(-8)) - -527 a prime number?
False
Suppose 3*x - 2*b = 4, 4*x - 3*b - 3 = 2. Suppose -m + x = -2*f - 95, -336 = -4*m - 5*f. Is m a composite number?
False
Suppose -146*z = -141*z - 210. Is ((-2574)/(-4))/3*28/z prime?
False
Suppose 6*v - 17 = 13. Suppose 1214 = v*w - 751. Is w composite?
True
Suppose 0*z = -4*p - z + 309, 2*p - 151 = 3*z. Let g = -21 + 11. Let s = p + g. Is s a composite number?
False
Let r = 12618 + -5191. Is r a prime number?
False
Let a = -1183 - -2090. Is a prime?
True
Is ((-5)/(-5))/((-7)/(-130627)) a prime number?
True
Suppose -j = 5*y + 3, 2*y + 0 = j + 3. Let p(t) = -24*t + 7. Let x be p(-6). Suppose 5*l - x = -3*g + 11, g + 1 = y. Is l a prime number?
False
Let u = 6 - 4. Suppose -w = -u + 3. Let r(c) = 131*c**2 + c + 1. Is r(w) a prime number?
True
Let t = -2223 - -3208. Is t a composite number?
True
Suppose 38073 = -17*t + 143762. Is t prime?
True
Let f(x) = -x**2 + 12*x - 11. Let b be f(11). Suppose b = 2*h - 3*h + 259. Is h composite?
True
Let t(y) = 255*y - 5. Let s(x) = x - 1. Let f(q) = -6*s(q) + t(q). Suppose j + 4*r - 26 = -2*j, -4*j - 2*r = -18. Is f(j) prime?
True
Let j(l) be the first derivative of 3*l**5/10 - l**2/2 - 2*l - 6. Let i(r) be the first derivative of j(r). Is i(3) a composite number?
True
Suppose -2*r + 6189 = 3*w, 5*w + 6*r = 3*r + 10315. Is w a composite number?
False
Suppose -r = 17*r - 167490. Is r prime?
False
Is (-2)/(-3)*1607175/90 prime?
False
Let r(b) = 5*b**2 + 2*b - 3. Let f be r(1). Is 1 - 4 - 10/f*-514 composite?
True
Suppose -27 = 4*x - x. Suppose 13*p - 616 = -15*p. Is p - x/((-36)/(-16)) prime?
False
Is (7 - 6 - -22)*113 a composite number?
True
Is (-72908)/66*(-6)/4 a prime number?
True
Is 2*(-7 + 87864/16 + 2) a prime number?
True
Suppose 2*z + 4*l = z + 28, 0 = 4*z - l - 27. Suppose 25928 = z*t - 7680. Is t a composite number?
False
Let c(g) = 5*g**2 - g + 2. Let l be c(2). Suppose o + 0 = -2*x - 5, -l = 3*o + x. Is 768/21 - 3/o a prime number?
True
Is 28/(-49) - 34404/(-84) a composite number?
False
Let v = 46329 - 23576. Is v a prime number?
False
Suppose 59197 = j + 2*j - 5*l, l - 39482 = -2*j. Is j composite?
False
Let a(o) = -o**2 + 17*o + 5. Let y be a(17). Let u(j) = -6*j - 3*j**3 - 8*j**3 - 2 + 3*j**3 - 2*j**2 - y. Is u(-5) a prime number?
False
Let j(i) = -18*i - 2. Let q(u) = u**2 - 6. Let b be q(0). Is j(b) composite?
True
Let i(x) = 34*x**2 - 2*x + 5. Is i(4) a prime number?
True
Suppose -4*h + p = -8, -3*p - 5 - 7 = 0. Let m be (-244 - 4) + (h - 4). Let g = -124 - m. Is g a composite number?
False
Is (-2758)/42*-105 - 8 a prime number?
False
Is (-10518 - 1)*2*7/(-14) a prime number?
False
Suppose -377*q + 413*q = 59076. Is q composite?
True
Let l be 3 - 213*16/(-2). Let j = l + -5567. Is j/(-24) + (-2)/(-12) prime?
False
Is 7/(4 + (-2135)/535) prime?
False
Is (-1)/(-3) + -1 + (-82)/(-6) a composite number?
False
Suppose 5*q + 10 - 30 = 0, -p = 5*q - 1063. Is p a prime number?
False
Let x(r) = 191*r - 38. Let q(n) = -n**2 - 19*n - 13. Let w be q(-18). Is x(w) composite?
True
Suppose -4*i - 16 = -2*z, -7*i = -4*z - 3*i + 16. Is ((-6)/(-4))/(12/16304) - z composite?
True
Suppose 605*z - 611*z + 389634 = 0. Is z a composite number?
True
Let w(d) = -30*d**3 + d**2 + d. Let z be w(-1). Suppose 6*g - g - z = -5*u, 4*g = -2*u + 16. Is u/(-6) - (-2684)/12 a prime number?
True
Let x be 513 - ((1 + 3)/2 + -1). Suppose 3*z = 901 + x. Is z prime?
False
Suppose 2 = 2*u, 2*p + 9*u - 4*u - 205935 = 0. Is p a prime number?
False
Let m(d) = 45*d**2 - 6*d + 8. Let y be m(4). Suppose -i + y = -305. Is i a composite number?
False
Let q = -4 - -7. Suppose 15 = 3*m + p, 4*m - 4*p = -q*p + 20. Suppose m*g + 5 - 20 = 0. Is g prime?
True
Let x(n) = -39*n**3 + 21*n**2 + 73*n + 1. Is x(-6) a prime number?
False
Suppose 215 = v - 2*t - t, -3*t + 421 = 2*v. Suppose -342 = -2*k + v. Is k prime?
True
Let d(u) = -u**3 + u**2 + 2*u + 1. Let q be d(-1). Let k = 43 - q. Suppose 0 = g - 3*n - 552, -4*n = -g + k + 513. Is g a prime number?
False
Let n(q) = -q**2 - 1. Let m = 2 - 3. Let h(l) = 19*l + 15. Let w(a) = m*h(a) - 2*n(a). Is w(-12) composite?
False
Let z(b) = 2043*b - 7. Let g be z(-3). Is g/(-5 + 1) - 3 prime?
True
Suppose -15*z = -10*z - 25635. Is z composite?
True
Is 17946 + -21 - (-2)/2 prime?
False
Let b = 259 - -7. Suppose -3*r + v - 412 = 0, 15 = -5*v + 2*v. Let i = r + b. Is i a prime number?
True
Suppose -5*s + 24340 = -5*b, 0*b = -3*b - 12. Suppose -21220 = -12*t - s. Is t a prime number?
False
Suppose -5*w + 5*c = -157720, 26*w + 3*c + 126179 = 30*w. Is w composite?
False
Let s(j) be the second derivative of 0*j**3 + 65/2*j**2 - 1/12*j**4 + 1/20*j**5 + 0 + 3*j. Is s(0) prime?
False
Let k(f) = 19*f**2 - f - 27. Is k(-12) a composite number?
True
Let m be ((0/(-5 - -3))/(-2))/2. Is 199 + 2 - m/6 composite?
True
Let a(q) = 3*q**2 - q + 1. Let v be a(1). Suppose -1614 = -3*r - v*r. Is r composite?
False
Suppose k - 10 = 6. Let i(h) be the second derivative of -h**4/12 + 17*h**3/6 - h**2/2 + 10*h. Is i(k) a prime number?
False
Let f be -1376*(-2 + 3) + (-1 - 2). Let m = f + 2256. Is m a prime number?
True
Suppose -a + 3*a - 11048 = -2*n, 0 = -3*n + 15. Is a a prime number?
True
Let f = 43 - 41. Suppose 3*w - f*r + 6*r = 11379, 3793 = w + 3*r. Is w a composite number?
False
Let f(o) = -o**2 - 16*o + 23. Let j be f(-17). Let y(s) = 14*s + 5. Is y(j) a composite number?
False
Suppose -2*l - 2*q = -61042, 3*q = 3*l - 88081 - 3482. Is l a prime number?
False
Let h = 14619 + -5154. Let b = h - 6446. Is b composite?
False
Let c = 48 - 49. Is (-7)/((c/(-3))/(2353/(-39))) prime?
False
Let r(k) = k**3 + 9*k**2 + 3. Let b be r(-9). Suppose u = 0, b*j - 2*u = j + 830. Suppose -15*q + 16*q = j. Is q a prime number?
False
Let x(k) be the first derivative of 46*k**3/3 + 9*k + 10. Is x(5) a composite number?
True
Let d = 153 + 526. Is d prime?
False
Let o = -18 + 22. Suppose -o*v - 2857 = 3*h, -5*h = -v - 8*h - 703. Is v/(-4)*(-3 - -5) a composite number?
False
Suppose 0*y + 30 = -5*y. Is 0 + (-2)/(y/1203) a prime number?
True
Let d = -8951 + 27810. Is d prime?
True
Suppose 0 = -3*x - 3*d + 570, 0 = -d + 5 - 6. Suppose 3*y = 139 - 40. Let a = x - y. Is a a prime number?
False
Let v(i) be the second derivative of -i**5/20 + 7*i**4/12 - 5*i**3/6 - 4*i. Let c be v(6). Suppose -2*r = -c*r + 4*h + 136, 6 = -2*h. Is r prime?
True
Suppose -4*o + 2*j - 5*j = -320557, 0 = -3*o - 3*j + 240420. Is o a composite number?
True
Let a be (1/2)/(5/(-20)). Let y = -3 - a. Is ((-438)/(-8))/(y/(-4)) a composite number?
True
Let g(b) = -b + 1 - 145*b - 90*b - 84*b. Is g(-1) composite?
True
Let i(t) = 3*t**3 - 15*t**2 - 13*t. Let n(f) = 2*f**3 - 7*f**2 - 6*f. Let m(w) = 6*i(w) - 13*n(w). Let p be m(-1). Is (-10)/(-2)*p/3 a prime number?
False
Suppose 25 = -5*p, 2*p + 29813 + 9849 = 4*h. Is h a composite number?
True
Let v = 381 - 268. Is v a composite number?
False
Let s(m) = 3*m - 11. Let b be s(8). Suppose 4*r = -17 + b. Let v(p) = -447*p**3 - p**2. Is v(r) prime?
False
Suppose 9646 = m - 4*q - 51309, -5*q = -5*m + 304820. Is m a composite number?
True
Let o = 11331 + 12223. Is o composite?
True
Suppose -4*t - 5*s + 2233 = -t, -5*t + 3739 = 4*s. Is t composite?
False
Let h(c) be the second derivative of c**4/12 + 3*c**3/2 + 29*c**2/2 - 16*c - 2. Is h(-12) a prime number?
False
Let a(q) be the second derivative of q**4/12 + 5*q**3/6 - q**2/2 + 4*q. Let l be a(-5). Is l + 3 + 33 + -2 prime?
False
Let l(z) = -18*z - 65. Is l(-26) a composite number?
True
Suppose 11423 = 4*l - 4*c + 3*c, 0 = 2*l - 3*c - 5699. Let z = l + -890. Is z prime?
False
Let h be (2*1)/(1/14). Suppose 4*k = -2*c + 22, -5*k + k + h = 4*c. Suppose c*w + 2*w + 2*l = 2207, -w + 2*l = -451. Is w prime?
True
Let s(t) = -21*t - 10*t - 7 - 9*t. Suppose -2*h + 95 - 101 = 0. Is s(h) a composite number?
False
Suppose -33*k + 11740 = -23*k. Is k composite?
True
Let f = 12524 - 7146. Suppose 5*n + 1173 = f. Suppose -4*a = -3*u - n, 3*a - 5*u + 4*u = 632. Is a a prime number?
True
Let p = -493 - -1